{"id":1239,"date":"2021-02-11T09:57:05","date_gmt":"2021-02-11T08:57:05","guid":{"rendered":"http:\/\/approchedroits-rechtenbenadering.be\/?page_id=1239"},"modified":"2021-02-11T09:57:11","modified_gmt":"2021-02-11T08:57:11","slug":"burkina-faso","status":"publish","type":"page","link":"https:\/\/approchedroits-rechtenbenadering.be\/?page_id=1239","title":{"rendered":"Burkina Faso"},"content":{"rendered":"\t\t<div data-elementor-type=\"wp-page\" data-elementor-id=\"1239\" class=\"elementor elementor-1239\" data-elementor-settings=\"[]\">\n\t\t\t\t\t\t<div class=\"elementor-inner\">\n\t\t\t\t\t\t\t<div class=\"elementor-section-wrap\">\n\t\t\t\t\t\t\t<section class=\"elementor-section elementor-top-section elementor-element elementor-element-23ba644 elementor-section-boxed elementor-section-height-default elementor-section-height-default\" data-id=\"23ba644\" data-element_type=\"section\">\n\t\t\t\t\t\t<div class=\"elementor-container elementor-column-gap-default\">\n\t\t\t\t\t\t\t<div class=\"elementor-row\">\n\t\t\t\t\t<div class=\"elementor-column elementor-col-100 elementor-top-column elementor-element elementor-element-aabd1fd\" data-id=\"aabd1fd\" data-element_type=\"column\">\n\t\t\t<div class=\"elementor-column-wrap elementor-element-populated\">\n\t\t\t\t\t\t\t<div class=\"elementor-widget-wrap\">\n\t\t\t\t\t\t<div class=\"elementor-element elementor-element-200c07ba anwp-pg-widget-header-style--b elementor-widget elementor-widget-anwp-pg-classic-grid\" data-id=\"200c07ba\" data-element_type=\"widget\" data-widget_type=\"anwp-pg-classic-grid.default\">\n\t\t\t\t<div class=\"elementor-widget-container\">\n\t\t\t<div class=\"anwp-pg-wrap\">\n\n\t\n\t<div class=\"d-flex row flex-wrap anwp-pg-classic-grid anwp-pg-posts-wrapper\">\n\t\t<div class=\"anwp-pg-post-teaser anwp-pg-post-teaser--inner-cover-link anwp-pg-post-teaser--layout-d d-flex flex-column col-lg-4 col-sm-6 col-12 anwp-pg-post-teaser--with-read-more \">\n\t<div class=\"anwp-pg-post-teaser__thumbnail position-relative\">\n\n\t\t\n\t\t<div class=\"anwp-pg-post-teaser__thumbnail-img anwp-pg-height-180\"\n\t\t\tstyle=\"background-image: url(https:\/\/approchedroits-rechtenbenadering.be\/wp-content\/uploads\/2021\/02\/BF_DOC1-1024x680.jpg)\">\n\t\t<\/div>\n\n\t\t<div class=\"anwp-pg-post-teaser__thumbnail-bg anwp-position-cover\"><\/div>\n\n\t\t<a class=\"anwp-position-cover anwp-link-without-effects\" href=\"https:\/\/approchedroits-rechtenbenadering.be\/?p=257\" aria-hidden=\"true\"><\/a>\n\t<\/div>\n\n\t<div class=\"anwp-pg-post-teaser__content flex-grow-1 pt-1 d-flex flex-column\">\n\n\t\t<div class=\"anwp-pg-post-teaser__title anwp-font-heading mt-2\">\n\t\t\t<a class=\"anwp-link-without-effects\" href=\"https:\/\/approchedroits-rechtenbenadering.be\/?p=257\" aria-hidden=\"true\">\n\t\t\t\tLutter contre l\u2019ins\u00e9curit\u00e9 alimentaire, mais \u00e9galement pour ses droits\t\t\t<\/a>\n\t\t<\/div>\n\n\t\t<div class=\"anwp-pg-post-teaser__bottom-meta d-flex flex-wrap\">\n\n\t\t\t\t\t<\/div>\n\n\t\t\t\t\t<div class=\"anwp-pg-post-teaser__excerpt mb-2\">Au Burkina Faso, revendiquer ses droits n\u2019est pas habituel. Les partenaires de Solidagro \u00e9changent avec les membres des organisations communautaires de base pour que celles-ci prennent connaissance des politiques locales ...<\/div>\n\t\t\n\t\t\t\t\t<div class=\"w-100 anwp-pg-read-more mt-auto\">\n\t\t\t\t<a href=\"https:\/\/approchedroits-rechtenbenadering.be\/?p=257\" class=\"anwp-pg-read-more__btn mt-3 mb-0 btn btn-sm btn-outline-info w-100 text-decoration-none\">\n\t\t\t\t\tLire plus\t\t\t\t<\/a>\n\t\t\t<\/div>\n\t\t\n\t<\/div>\n\n<\/div>\n<div class=\"anwp-pg-post-teaser anwp-pg-post-teaser--inner-cover-link anwp-pg-post-teaser--layout-d d-flex flex-column col-lg-4 col-sm-6 col-12 anwp-pg-post-teaser--with-read-more \">\n\t<div class=\"anwp-pg-post-teaser__thumbnail position-relative\">\n\n\t\t\n\t\t<div class=\"anwp-pg-post-teaser__thumbnail-img anwp-pg-height-180\"\n\t\t\tstyle=\"background-image: url(https:\/\/approchedroits-rechtenbenadering.be\/wp-content\/uploads\/2021\/02\/BF_DOC5-1024x576.jpg)\">\n\t\t<\/div>\n\n\t\t<div class=\"anwp-pg-post-teaser__thumbnail-bg anwp-position-cover\"><\/div>\n\n\t\t<a class=\"anwp-position-cover anwp-link-without-effects\" href=\"https:\/\/approchedroits-rechtenbenadering.be\/?p=258\" aria-hidden=\"true\"><\/a>\n\t<\/div>\n\n\t<div class=\"anwp-pg-post-teaser__content flex-grow-1 pt-1 d-flex flex-column\">\n\n\t\t<div class=\"anwp-pg-post-teaser__title anwp-font-heading mt-2\">\n\t\t\t<a class=\"anwp-link-without-effects\" href=\"https:\/\/approchedroits-rechtenbenadering.be\/?p=258\" aria-hidden=\"true\">\n\t\t\t\tColette, agricultrice au Burkina Faso et fi\u00e8re de l\u2019\u00eatre\t\t\t<\/a>\n\t\t<\/div>\n\n\t\t<div class=\"anwp-pg-post-teaser__bottom-meta d-flex flex-wrap\">\n\n\t\t\t\t\t<\/div>\n\n\t\t\t\t\t<div class=\"anwp-pg-post-teaser__excerpt mb-2\">Colette est membre d\u2019un groupement communautaire au Burkina Faso soutenu par Solidagro et nous raconte comment cela lui a permis de se faire confiance et de maintenant oser prendre la ...<\/div>\n\t\t\n\t\t\t\t\t<div class=\"w-100 anwp-pg-read-more mt-auto\">\n\t\t\t\t<a href=\"https:\/\/approchedroits-rechtenbenadering.be\/?p=258\" class=\"anwp-pg-read-more__btn mt-3 mb-0 btn btn-sm btn-outline-info w-100 text-decoration-none\">\n\t\t\t\t\tLire plus\t\t\t\t<\/a>\n\t\t\t<\/div>\n\t\t\n\t<\/div>\n\n<\/div>\n<div class=\"anwp-pg-post-teaser anwp-pg-post-teaser--inner-cover-link anwp-pg-post-teaser--layout-d d-flex flex-column col-lg-4 col-sm-6 col-12 anwp-pg-post-teaser--with-read-more \">\n\t<div class=\"anwp-pg-post-teaser__thumbnail position-relative\">\n\n\t\t\n\t\t<div class=\"anwp-pg-post-teaser__thumbnail-img anwp-pg-height-180\"\n\t\t\tstyle=\"background-image: url(https:\/\/approchedroits-rechtenbenadering.be\/wp-content\/uploads\/2021\/02\/BF_DOC6-1-1024x465.jpg)\">\n\t\t<\/div>\n\n\t\t<div class=\"anwp-pg-post-teaser__thumbnail-bg anwp-position-cover\"><\/div>\n\n\t\t<a class=\"anwp-position-cover anwp-link-without-effects\" href=\"https:\/\/approchedroits-rechtenbenadering.be\/?p=259\" aria-hidden=\"true\"><\/a>\n\t<\/div>\n\n\t<div class=\"anwp-pg-post-teaser__content flex-grow-1 pt-1 d-flex flex-column\">\n\n\t\t<div class=\"anwp-pg-post-teaser__title anwp-font-heading mt-2\">\n\t\t\t<a class=\"anwp-link-without-effects\" href=\"https:\/\/approchedroits-rechtenbenadering.be\/?p=259\" aria-hidden=\"true\">\n\t\t\t\tLe droit \u00e0 l&rsquo;utilisation permanente de p\u00e9rim\u00e8tres maraichers au Burkina Faso\t\t\t<\/a>\n\t\t<\/div>\n\n\t\t<div class=\"anwp-pg-post-teaser__bottom-meta d-flex flex-wrap\">\n\n\t\t\t\t\t<\/div>\n\n\t\t\t\t\t<div class=\"anwp-pg-post-teaser__excerpt mb-2\">L\u2019acc\u00e8s \u00e0 la terre pour les femmes au Burkina Faso reste une difficult\u00e9 majeure quand on parle de droit \u00e0 l\u2019alimentation. Gr\u00e2ce \u00e0 l\u2019analyse men\u00e9e par les partenaires de Solidagro ...<\/div>\n\t\t\n\t\t\t\t\t<div class=\"w-100 anwp-pg-read-more mt-auto\">\n\t\t\t\t<a href=\"https:\/\/approchedroits-rechtenbenadering.be\/?p=259\" class=\"anwp-pg-read-more__btn mt-3 mb-0 btn btn-sm btn-outline-info w-100 text-decoration-none\">\n\t\t\t\t\tLire plus\t\t\t\t<\/a>\n\t\t\t<\/div>\n\t\t\n\t<\/div>\n\n<\/div>\n\t<\/div>\n\t\n\t<\/div>\n\t\t<\/div>\n\t\t\t\t<\/div>\n\t\t\t\t\t\t<\/div>\n\t\t\t\t\t<\/div>\n\t\t<\/div>\n\t\t\t\t\t\t\t\t<\/div>\n\t\t\t\t\t<\/div>\n\t\t<\/section>\n\t\t\t\t\t\t<\/div>\n\t\t\t\t\t\t<\/div>\n\t\t\t\t\t<\/div>\n\t\t","protected":false},"excerpt":{"rendered":"<p>Lutter contre l\u2019ins\u00e9curit\u00e9 alimentaire, mais \u00e9galement pour ses droits Au Burkina Faso, revendiquer ses droits n\u2019est pas habituel. Les partenaires de Solidagro \u00e9changent avec les membres des organisations communautaires de base pour que celles-ci prennent connaissance des politiques locales &#8230; Lire plus Colette, agricultrice au Burkina Faso et fi\u00e8re de&#8230; <a class=\"continue-reading-link\" href=\"https:\/\/approchedroits-rechtenbenadering.be\/?page_id=1239\">Lire plus <span class=\"meta-nav\">&rarr; <\/span><\/a><\/p>\n","protected":false},"author":1,"featured_media":0,"parent":0,"menu_order":0,"comment_status":"closed","ping_status":"closed","template":"","meta":[],"_links":{"self":[{"href":"https:\/\/approchedroits-rechtenbenadering.be\/index.php?rest_route=\/wp\/v2\/pages\/1239"}],"collection":[{"href":"https:\/\/approchedroits-rechtenbenadering.be\/index.php?rest_route=\/wp\/v2\/pages"}],"about":[{"href":"https:\/\/approchedroits-rechtenbenadering.be\/index.php?rest_route=\/wp\/v2\/types\/page"}],"author":[{"embeddable":true,"href":"https:\/\/approchedroits-rechtenbenadering.be\/index.php?rest_route=\/wp\/v2\/users\/1"}],"replies":[{"embeddable":true,"href":"https:\/\/approchedroits-rechtenbenadering.be\/index.php?rest_route=%2Fwp%2Fv2%2Fcomments&post=1239"}],"version-history":[{"count":4,"href":"https:\/\/approchedroits-rechtenbenadering.be\/index.php?rest_route=\/wp\/v2\/pages\/1239\/revisions"}],"predecessor-version":[{"id":1243,"href":"https:\/\/approchedroits-rechtenbenadering.be\/index.php?rest_route=\/wp\/v2\/pages\/1239\/revisions\/1243"}],"wp:attachment":[{"href":"https:\/\/approchedroits-rechtenbenadering.be\/index.php?rest_route=%2Fwp%2Fv2%2Fmedia&parent=1239"}],"curies":[{"name":"wp","href":"https:\/\/api.w.org\/{rel}","templated":true}]}}

<div data-elementor-type="wp-page" data-elementor-id="1239" class="elementor elementor-1239" data-elementor-settings="[]">
						<div class="elementor-inner">
							<div class="elementor-section-wrap">
							<section class="elementor-section elementor-top-section elementor-element elementor-element-23ba644 elementor-section-boxed elementor-section-height-default elementor-section-height-default" data-id="23ba644" data-element_type="section">
						<div class="elementor-container elementor-column-gap-default">
							<div class="elementor-row">
					<div class="elementor-column elementor-col-100 elementor-top-column elementor-element elementor-element-aabd1fd" data-id="aabd1fd" data-element_type="column">
			<div class="elementor-column-wrap elementor-element-populated">
							<div class="elementor-widget-wrap">
						<div class="elementor-element elementor-element-200c07ba anwp-pg-widget-header-style--b elementor-widget elementor-widget-anwp-pg-classic-grid" data-id="200c07ba" data-element_type="widget" data-widget_type="anwp-pg-classic-grid.default">
				<div class="elementor-widget-container">
			<div class="anwp-pg-wrap">

	
	<div class="d-flex row flex-wrap anwp-pg-classic-grid anwp-pg-posts-wrapper">
		<div class="anwp-pg-post-teaser anwp-pg-post-teaser--inner-cover-link anwp-pg-post-teaser--layout-d d-flex flex-column col-lg-4 col-sm-6 col-12 anwp-pg-post-teaser--with-read-more ">
	<div class="anwp-pg-post-teaser__thumbnail position-relative">

		
		<div class="anwp-pg-post-teaser__thumbnail-img anwp-pg-height-180"
			style="background-image: url(https://approchedroits-rechtenbenadering.be/wp-content/uploads/2021/02/BF_DOC1-1024x680.jpg)">
		</div>

		<div class="anwp-pg-post-teaser__thumbnail-bg anwp-position-cover"></div>

		<a class="anwp-position-cover anwp-link-without-effects" href="https://approchedroits-rechtenbenadering.be/?p=257" aria-hidden="true"></a>
	</div>

	<div class="anwp-pg-post-teaser__content flex-grow-1 pt-1 d-flex flex-column">

		<div class="anwp-pg-post-teaser__title anwp-font-heading mt-2">
			<a class="anwp-link-without-effects" href="https://approchedroits-rechtenbenadering.be/?p=257" aria-hidden="true">
				Lutter contre l’insécurité alimentaire, mais également pour ses droits			</a>
		</div>

		<div class="anwp-pg-post-teaser__bottom-meta d-flex flex-wrap">

					</div>

					<div class="anwp-pg-post-teaser__excerpt mb-2">Au Burkina Faso, revendiquer ses droits n’est pas habituel. Les partenaires de Solidagro échangent avec les membres des organisations communautaires de base pour que celles-ci prennent connaissance des politiques locales ...</div>
		
					<div class="w-100 anwp-pg-read-more mt-auto">
				<a href="https://approchedroits-rechtenbenadering.be/?p=257" class="anwp-pg-read-more__btn mt-3 mb-0 btn btn-sm btn-outline-info w-100 text-decoration-none">
					Lire plus				</a>
			</div>
		
	</div>

</div>
<div class="anwp-pg-post-teaser anwp-pg-post-teaser--inner-cover-link anwp-pg-post-teaser--layout-d d-flex flex-column col-lg-4 col-sm-6 col-12 anwp-pg-post-teaser--with-read-more ">
	<div class="anwp-pg-post-teaser__thumbnail position-relative">

		
		<div class="anwp-pg-post-teaser__thumbnail-img anwp-pg-height-180"
			style="background-image: url(https://approchedroits-rechtenbenadering.be/wp-content/uploads/2021/02/BF_DOC5-1024x576.jpg)">
		</div>

		<div class="anwp-pg-post-teaser__thumbnail-bg anwp-position-cover"></div>

		<a class="anwp-position-cover anwp-link-without-effects" href="https://approchedroits-rechtenbenadering.be/?p=258" aria-hidden="true"></a>
	</div>

	<div class="anwp-pg-post-teaser__content flex-grow-1 pt-1 d-flex flex-column">

		<div class="anwp-pg-post-teaser__title anwp-font-heading mt-2">
			<a class="anwp-link-without-effects" href="https://approchedroits-rechtenbenadering.be/?p=258" aria-hidden="true">
				Colette, agricultrice au Burkina Faso et fière de l’être			</a>
		</div>

		<div class="anwp-pg-post-teaser__bottom-meta d-flex flex-wrap">

					</div>

					<div class="anwp-pg-post-teaser__excerpt mb-2">Colette est membre d’un groupement communautaire au Burkina Faso soutenu par Solidagro et nous raconte comment cela lui a permis de se faire confiance et de maintenant oser prendre la ...</div>
		
					<div class="w-100 anwp-pg-read-more mt-auto">
				<a href="https://approchedroits-rechtenbenadering.be/?p=258" class="anwp-pg-read-more__btn mt-3 mb-0 btn btn-sm btn-outline-info w-100 text-decoration-none">
					Lire plus				</a>
			</div>
		
	</div>

</div>
<div class="anwp-pg-post-teaser anwp-pg-post-teaser--inner-cover-link anwp-pg-post-teaser--layout-d d-flex flex-column col-lg-4 col-sm-6 col-12 anwp-pg-post-teaser--with-read-more ">
	<div class="anwp-pg-post-teaser__thumbnail position-relative">

		
		<div class="anwp-pg-post-teaser__thumbnail-img anwp-pg-height-180"
			style="background-image: url(https://approchedroits-rechtenbenadering.be/wp-content/uploads/2021/02/BF_DOC6-1-1024x465.jpg)">
		</div>

		<div class="anwp-pg-post-teaser__thumbnail-bg anwp-position-cover"></div>

		<a class="anwp-position-cover anwp-link-without-effects" href="https://approchedroits-rechtenbenadering.be/?p=259" aria-hidden="true"></a>
	</div>

	<div class="anwp-pg-post-teaser__content flex-grow-1 pt-1 d-flex flex-column">

		<div class="anwp-pg-post-teaser__title anwp-font-heading mt-2">
			<a class="anwp-link-without-effects" href="https://approchedroits-rechtenbenadering.be/?p=259" aria-hidden="true">
				Le droit à l&rsquo;utilisation permanente de périmètres maraichers au Burkina Faso			</a>
		</div>

		<div class="anwp-pg-post-teaser__bottom-meta d-flex flex-wrap">

					</div>

					<div class="anwp-pg-post-teaser__excerpt mb-2">L’accès à la terre pour les femmes au Burkina Faso reste une difficulté majeure quand on parle de droit à l’alimentation. Grâce à l’analyse menée par les partenaires de Solidagro ...</div>
		
					<div class="w-100 anwp-pg-read-more mt-auto">
				<a href="https://approchedroits-rechtenbenadering.be/?p=259" class="anwp-pg-read-more__btn mt-3 mb-0 btn btn-sm btn-outline-info w-100 text-decoration-none">
					Lire plus				</a>
			</div>
		
	</div>

</div>
	</div>
	
	</div>
		</div>
				</div>
						</div>
					</div>
		</div>
								</div>
					</div>
		</section>
						</div>
						</div>
					</div>

<p>Lutter contre l’insécurité alimentaire, mais également pour ses droits Au Burkina Faso, revendiquer ses droits n’est pas habituel. Les partenaires de Solidagro échangent avec les membres des organisations communautaires de base pour que celles-ci prennent connaissance des politiques locales &#8230; Lire plus Colette, agricultrice au Burkina Faso et fière de&#8230; <a class="continue-reading-link" href="https://approchedroits-rechtenbenadering.be/?page_id=1239">Lire plus <span class="meta-nav">&rarr; </span></a></p>
