{"id":1530,"date":"2021-02-11T13:20:51","date_gmt":"2021-02-11T12:20:51","guid":{"rendered":"http:\/\/approchedroits-rechtenbenadering.be\/?page_id=1530"},"modified":"2023-01-20T13:45:32","modified_gmt":"2023-01-20T12:45:32","slug":"viva-salud-kiyo-et-solidagro","status":"publish","type":"page","link":"https:\/\/approchedroits-rechtenbenadering.be\/?page_id=1530","title":{"rendered":"Viva Salud, KIYO et Solidagro"},"content":{"rendered":"\t\t<div data-elementor-type=\"wp-page\" data-elementor-id=\"1530\" class=\"elementor elementor-1530\" data-elementor-settings=\"[]\">\n\t\t\t\t\t\t<div class=\"elementor-inner\">\n\t\t\t\t\t\t\t<div class=\"elementor-section-wrap\">\n\t\t\t\t\t\t\t<section class=\"elementor-section elementor-top-section elementor-element elementor-element-38741b4 elementor-section-boxed elementor-section-height-default elementor-section-height-default\" data-id=\"38741b4\" data-element_type=\"section\">\n\t\t\t\t\t\t<div class=\"elementor-container elementor-column-gap-default\">\n\t\t\t\t\t\t\t<div class=\"elementor-row\">\n\t\t\t\t\t<div class=\"elementor-column elementor-col-100 elementor-top-column elementor-element elementor-element-ff8dcf4\" data-id=\"ff8dcf4\" data-element_type=\"column\">\n\t\t\t<div class=\"elementor-column-wrap elementor-element-populated\">\n\t\t\t\t\t\t\t<div class=\"elementor-widget-wrap\">\n\t\t\t\t\t\t<div class=\"elementor-element elementor-element-fed1fa7 elementor-widget elementor-widget-text-editor\" data-id=\"fed1fa7\" data-element_type=\"widget\" data-widget_type=\"text-editor.default\">\n\t\t\t\t<div class=\"elementor-widget-container\">\n\t\t\t\t\t<div class=\"elementor-text-editor elementor-clearfix\"><p>Viva Salud, KIYO et Solidagro ont collabor\u00e9 au sein d\u2019un programme commun quinquennal co-financ\u00e9 par le Service public f\u00e9d\u00e9ral Affaires \u00e9trang\u00e8res, Commerce ext\u00e9rieur et Coop\u00e9ration au D\u00e9veloppement de 2017 \u00e0 2021. D\u00e9couvrez les sp\u00e9cialit\u00e9s de chacune de ces organisations, au travers de leurs histoires&nbsp;: <strong><a href=\"http:\/\/approchedroits-rechtenbenadering.be\/?page_id=1497\">Viva Salud et le droit \u00e0 la sant\u00e9<\/a>, <a href=\"http:\/\/approchedroits-rechtenbenadering.be\/?page_id=1510\">KIYO et les droits des enfants <\/a><\/strong>et<a href=\"http:\/\/approchedroits-rechtenbenadering.be\/?page_id=1520\"><strong> Solidagro et le droit \u00e0 l\u2019alimentation<\/strong><\/a>.<\/p><\/div>\n\t\t\t\t<\/div>\n\t\t\t\t<\/div>\n\t\t\t\t\t\t<\/div>\n\t\t\t\t\t<\/div>\n\t\t<\/div>\n\t\t\t\t\t\t\t\t<\/div>\n\t\t\t\t\t<\/div>\n\t\t<\/section>\n\t\t\t\t<section class=\"elementor-section elementor-top-section elementor-element elementor-element-83e592b elementor-section-boxed elementor-section-height-default elementor-section-height-default\" data-id=\"83e592b\" data-element_type=\"section\">\n\t\t\t\t\t\t<div class=\"elementor-container elementor-column-gap-default\">\n\t\t\t\t\t\t\t<div class=\"elementor-row\">\n\t\t\t\t\t<div class=\"elementor-column elementor-col-100 elementor-top-column elementor-element elementor-element-21b12b7\" data-id=\"21b12b7\" data-element_type=\"column\">\n\t\t\t<div class=\"elementor-column-wrap elementor-element-populated\">\n\t\t\t\t\t\t\t<div class=\"elementor-widget-wrap\">\n\t\t\t\t\t\t<div class=\"elementor-element elementor-element-81b7044 elementor-widget elementor-widget-image\" data-id=\"81b7044\" data-element_type=\"widget\" data-widget_type=\"image.default\">\n\t\t\t\t<div class=\"elementor-widget-container\">\n\t\t\t\t\t<div class=\"elementor-image\">\n\t\t\t\t\t\t\t\t\t\t<img width=\"300\" height=\"74\" src=\"https:\/\/approchedroits-rechtenbenadering.be\/wp-content\/uploads\/2021\/02\/3-logos-300x74.png\" class=\"attachment-medium size-medium\" alt=\"\" loading=\"lazy\" srcset=\"https:\/\/approchedroits-rechtenbenadering.be\/wp-content\/uploads\/2021\/02\/3-logos-300x74.png 300w, https:\/\/approchedroits-rechtenbenadering.be\/wp-content\/uploads\/2021\/02\/3-logos-768x189.png 768w, https:\/\/approchedroits-rechtenbenadering.be\/wp-content\/uploads\/2021\/02\/3-logos-150x37.png 150w, https:\/\/approchedroits-rechtenbenadering.be\/wp-content\/uploads\/2021\/02\/3-logos-250x62.png 250w, https:\/\/approchedroits-rechtenbenadering.be\/wp-content\/uploads\/2021\/02\/3-logos.png 857w\" sizes=\"(max-width: 300px) 100vw, 300px\" \/>\t\t\t\t\t\t\t\t\t\t\t<\/div>\n\t\t\t\t<\/div>\n\t\t\t\t<\/div>\n\t\t\t\t\t\t<\/div>\n\t\t\t\t\t<\/div>\n\t\t<\/div>\n\t\t\t\t\t\t\t\t<\/div>\n\t\t\t\t\t<\/div>\n\t\t<\/section>\n\t\t\t\t\t\t<\/div>\n\t\t\t\t\t\t<\/div>\n\t\t\t\t\t<\/div>\n\t\t","protected":false},"excerpt":{"rendered":"<p>Viva Salud, KIYO et Solidagro ont collabor\u00e9 au sein d\u2019un programme commun quinquennal co-financ\u00e9 par le Service public f\u00e9d\u00e9ral Affaires \u00e9trang\u00e8res, Commerce ext\u00e9rieur et Coop\u00e9ration au D\u00e9veloppement de 2017 \u00e0 2021. D\u00e9couvrez les sp\u00e9cialit\u00e9s de chacune de ces organisations, au travers de leurs histoires&nbsp;: Viva Salud et le droit \u00e0&#8230; <a class=\"continue-reading-link\" href=\"https:\/\/approchedroits-rechtenbenadering.be\/?page_id=1530\">Lire plus <span class=\"meta-nav\">&rarr; <\/span><\/a><\/p>\n","protected":false},"author":1,"featured_media":0,"parent":0,"menu_order":0,"comment_status":"closed","ping_status":"closed","template":"","meta":[],"_links":{"self":[{"href":"https:\/\/approchedroits-rechtenbenadering.be\/index.php?rest_route=\/wp\/v2\/pages\/1530"}],"collection":[{"href":"https:\/\/approchedroits-rechtenbenadering.be\/index.php?rest_route=\/wp\/v2\/pages"}],"about":[{"href":"https:\/\/approchedroits-rechtenbenadering.be\/index.php?rest_route=\/wp\/v2\/types\/page"}],"author":[{"embeddable":true,"href":"https:\/\/approchedroits-rechtenbenadering.be\/index.php?rest_route=\/wp\/v2\/users\/1"}],"replies":[{"embeddable":true,"href":"https:\/\/approchedroits-rechtenbenadering.be\/index.php?rest_route=%2Fwp%2Fv2%2Fcomments&post=1530"}],"version-history":[{"count":10,"href":"https:\/\/approchedroits-rechtenbenadering.be\/index.php?rest_route=\/wp\/v2\/pages\/1530\/revisions"}],"predecessor-version":[{"id":2970,"href":"https:\/\/approchedroits-rechtenbenadering.be\/index.php?rest_route=\/wp\/v2\/pages\/1530\/revisions\/2970"}],"wp:attachment":[{"href":"https:\/\/approchedroits-rechtenbenadering.be\/index.php?rest_route=%2Fwp%2Fv2%2Fmedia&parent=1530"}],"curies":[{"name":"wp","href":"https:\/\/api.w.org\/{rel}","templated":true}]}}

<div data-elementor-type="wp-page" data-elementor-id="1530" class="elementor elementor-1530" data-elementor-settings="[]">
						<div class="elementor-inner">
							<div class="elementor-section-wrap">
							<section class="elementor-section elementor-top-section elementor-element elementor-element-38741b4 elementor-section-boxed elementor-section-height-default elementor-section-height-default" data-id="38741b4" data-element_type="section">
						<div class="elementor-container elementor-column-gap-default">
							<div class="elementor-row">
					<div class="elementor-column elementor-col-100 elementor-top-column elementor-element elementor-element-ff8dcf4" data-id="ff8dcf4" data-element_type="column">
			<div class="elementor-column-wrap elementor-element-populated">
							<div class="elementor-widget-wrap">
						<div class="elementor-element elementor-element-fed1fa7 elementor-widget elementor-widget-text-editor" data-id="fed1fa7" data-element_type="widget" data-widget_type="text-editor.default">
				<div class="elementor-widget-container">
					<div class="elementor-text-editor elementor-clearfix"><p>Viva Salud, KIYO et Solidagro ont collaboré au sein d’un programme commun quinquennal co-financé par le Service public fédéral Affaires étrangères, Commerce extérieur et Coopération au Développement de 2017 à 2021. Découvrez les spécialités de chacune de ces organisations, au travers de leurs histoires&nbsp;: <strong><a href="http://approchedroits-rechtenbenadering.be/?page_id=1497">Viva Salud et le droit à la santé</a>, <a href="http://approchedroits-rechtenbenadering.be/?page_id=1510">KIYO et les droits des enfants </a></strong>et<a href="http://approchedroits-rechtenbenadering.be/?page_id=1520"><strong> Solidagro et le droit à l’alimentation</strong></a>.</p></div>
				</div>
				</div>
						</div>
					</div>
		</div>
								</div>
					</div>
		</section>
				<section class="elementor-section elementor-top-section elementor-element elementor-element-83e592b elementor-section-boxed elementor-section-height-default elementor-section-height-default" data-id="83e592b" data-element_type="section">
						<div class="elementor-container elementor-column-gap-default">
							<div class="elementor-row">
					<div class="elementor-column elementor-col-100 elementor-top-column elementor-element elementor-element-21b12b7" data-id="21b12b7" data-element_type="column">
			<div class="elementor-column-wrap elementor-element-populated">
							<div class="elementor-widget-wrap">
						<div class="elementor-element elementor-element-81b7044 elementor-widget elementor-widget-image" data-id="81b7044" data-element_type="widget" data-widget_type="image.default">
				<div class="elementor-widget-container">
					<div class="elementor-image">
										<img width="300" height="74" src="https://approchedroits-rechtenbenadering.be/wp-content/uploads/2021/02/3-logos-300x74.png" class="attachment-medium size-medium" alt="" loading="lazy" srcset="https://approchedroits-rechtenbenadering.be/wp-content/uploads/2021/02/3-logos-300x74.png 300w, https://approchedroits-rechtenbenadering.be/wp-content/uploads/2021/02/3-logos-768x189.png 768w, https://approchedroits-rechtenbenadering.be/wp-content/uploads/2021/02/3-logos-150x37.png 150w, https://approchedroits-rechtenbenadering.be/wp-content/uploads/2021/02/3-logos-250x62.png 250w, https://approchedroits-rechtenbenadering.be/wp-content/uploads/2021/02/3-logos.png 857w" sizes="(max-width: 300px) 100vw, 300px" />											</div>
				</div>
				</div>
						</div>
					</div>
		</div>
								</div>
					</div>
		</section>
						</div>
						</div>
					</div>

<p>Viva Salud, KIYO et Solidagro ont collaboré au sein d’un programme commun quinquennal co-financé par le Service public fédéral Affaires étrangères, Commerce extérieur et Coopération au Développement de 2017 à 2021. Découvrez les spécialités de chacune de ces organisations, au travers de leurs histoires&nbsp;: Viva Salud et le droit à&#8230; <a class="continue-reading-link" href="https://approchedroits-rechtenbenadering.be/?page_id=1530">Lire plus <span class="meta-nav">&rarr; </span></a></p>
