{"id":1815,"date":"2021-02-26T10:18:42","date_gmt":"2021-02-26T09:18:42","guid":{"rendered":"http:\/\/approchedroits-rechtenbenadering.be\/?page_id=1815"},"modified":"2021-02-26T10:41:04","modified_gmt":"2021-02-26T09:41:04","slug":"cuba-2","status":"publish","type":"page","link":"https:\/\/approchedroits-rechtenbenadering.be\/?page_id=1815","title":{"rendered":"Cuba"},"content":{"rendered":"\t\t<div data-elementor-type=\"wp-page\" data-elementor-id=\"1815\" class=\"elementor elementor-1815\" data-elementor-settings=\"[]\">\n\t\t\t\t\t\t<div class=\"elementor-inner\">\n\t\t\t\t\t\t\t<div class=\"elementor-section-wrap\">\n\t\t\t\t\t\t\t<section class=\"elementor-section elementor-top-section elementor-element elementor-element-6c8e5937 elementor-section-boxed elementor-section-height-default elementor-section-height-default\" data-id=\"6c8e5937\" data-element_type=\"section\">\n\t\t\t\t\t\t<div class=\"elementor-container elementor-column-gap-default\">\n\t\t\t\t\t\t\t<div class=\"elementor-row\">\n\t\t\t\t\t<div class=\"elementor-column elementor-col-100 elementor-top-column elementor-element elementor-element-afd8c01\" data-id=\"afd8c01\" data-element_type=\"column\">\n\t\t\t<div class=\"elementor-column-wrap elementor-element-populated\">\n\t\t\t\t\t\t\t<div class=\"elementor-widget-wrap\">\n\t\t\t\t\t\t<div class=\"elementor-element elementor-element-6acad2d2 anwp-pg-widget-header-style--b elementor-widget elementor-widget-anwp-pg-classic-grid\" data-id=\"6acad2d2\" data-element_type=\"widget\" data-widget_type=\"anwp-pg-classic-grid.default\">\n\t\t\t\t<div class=\"elementor-widget-container\">\n\t\t\t<div class=\"anwp-pg-wrap\">\n\n\t\n\t<div class=\"d-flex row flex-wrap anwp-pg-classic-grid anwp-pg-posts-wrapper\">\n\t\t<div class=\"anwp-pg-post-teaser anwp-pg-post-teaser--inner-cover-link anwp-pg-post-teaser--layout-d d-flex flex-column col-lg-4 col-sm-6 col-12 anwp-pg-post-teaser--with-read-more \">\n\t<div class=\"anwp-pg-post-teaser__thumbnail position-relative\">\n\n\t\t\n\t\t<div class=\"anwp-pg-post-teaser__thumbnail-img anwp-pg-height-180\"\n\t\t\tstyle=\"background-image: url(https:\/\/approchedroits-rechtenbenadering.be\/wp-content\/uploads\/2021\/02\/Cuba-1024x576.jpg)\">\n\t\t<\/div>\n\n\t\t<div class=\"anwp-pg-post-teaser__thumbnail-bg anwp-position-cover\"><\/div>\n\n\t\t<a class=\"anwp-position-cover anwp-link-without-effects\" href=\"https:\/\/approchedroits-rechtenbenadering.be\/?p=1821\" aria-hidden=\"true\"><\/a>\n\t<\/div>\n\n\t<div class=\"anwp-pg-post-teaser__content flex-grow-1 pt-1 d-flex flex-column\">\n\n\t\t<div class=\"anwp-pg-post-teaser__title anwp-font-heading mt-2\">\n\t\t\t<a class=\"anwp-link-without-effects\" href=\"https:\/\/approchedroits-rechtenbenadering.be\/?p=1821\" aria-hidden=\"true\">\n\t\t\t\tComment le Centro Felix Varela met en oeuvre le plan climat de Cuba\t\t\t<\/a>\n\t\t<\/div>\n\n\t\t<div class=\"anwp-pg-post-teaser__bottom-meta d-flex flex-wrap\">\n\n\t\t\t\t\t<\/div>\n\n\t\t\t\t\t<div class=\"anwp-pg-post-teaser__excerpt mb-2\">Cuba, pays insulaire des Cara\u00efbes, est plus qu\u2019un autre sujet aux cons\u00e9quences du r\u00e9chauffement climatique. L\u2019\u00e9tat cubain l\u2019a bien compris et a mis en place une politique environnementale forte \u00e0 ...<\/div>\n\t\t\n\t\t\t\t\t<div class=\"w-100 anwp-pg-read-more mt-auto\">\n\t\t\t\t<a href=\"https:\/\/approchedroits-rechtenbenadering.be\/?p=1821\" class=\"anwp-pg-read-more__btn mt-3 mb-0 btn btn-sm btn-outline-info w-100 text-decoration-none\">\n\t\t\t\t\tLire plus\t\t\t\t<\/a>\n\t\t\t<\/div>\n\t\t\n\t<\/div>\n\n<\/div>\n<div class=\"anwp-pg-post-teaser anwp-pg-post-teaser--inner-cover-link anwp-pg-post-teaser--layout-d d-flex flex-column col-lg-4 col-sm-6 col-12 anwp-pg-post-teaser--with-read-more \">\n\t<div class=\"anwp-pg-post-teaser__thumbnail position-relative\">\n\n\t\t\n\t\t<div class=\"anwp-pg-post-teaser__thumbnail-img anwp-pg-height-180\"\n\t\t\tstyle=\"background-image: url(https:\/\/approchedroits-rechtenbenadering.be\/wp-content\/uploads\/2021\/02\/Cuba-1024x438.png)\">\n\t\t<\/div>\n\n\t\t<div class=\"anwp-pg-post-teaser__thumbnail-bg anwp-position-cover\"><\/div>\n\n\t\t<a class=\"anwp-position-cover anwp-link-without-effects\" href=\"https:\/\/approchedroits-rechtenbenadering.be\/?p=278\" aria-hidden=\"true\"><\/a>\n\t<\/div>\n\n\t<div class=\"anwp-pg-post-teaser__content flex-grow-1 pt-1 d-flex flex-column\">\n\n\t\t<div class=\"anwp-pg-post-teaser__title anwp-font-heading mt-2\">\n\t\t\t<a class=\"anwp-link-without-effects\" href=\"https:\/\/approchedroits-rechtenbenadering.be\/?p=278\" aria-hidden=\"true\">\n\t\t\t\tSoins de sant\u00e9 \u00e0 Cuba et aux Philippines: quelles sont les diff\u00e9rences?\t\t\t<\/a>\n\t\t<\/div>\n\n\t\t<div class=\"anwp-pg-post-teaser__bottom-meta d-flex flex-wrap\">\n\n\t\t\t\t\t<\/div>\n\n\t\t\t\t\t<div class=\"anwp-pg-post-teaser__excerpt mb-2\">Cuba et les Philippines : deux pays en voie de d\u00e9veloppement et quand m\u00eame un grand contraste dans leurs syst\u00e8mes de sant\u00e9. Comment expliquer cela? D\u00e9couvre cela en regardant cette ...<\/div>\n\t\t\n\t\t\t\t\t<div class=\"w-100 anwp-pg-read-more mt-auto\">\n\t\t\t\t<a href=\"https:\/\/approchedroits-rechtenbenadering.be\/?p=278\" class=\"anwp-pg-read-more__btn mt-3 mb-0 btn btn-sm btn-outline-info w-100 text-decoration-none\">\n\t\t\t\t\tLire plus\t\t\t\t<\/a>\n\t\t\t<\/div>\n\t\t\n\t<\/div>\n\n<\/div>\n\t<\/div>\n\t\n\t<\/div>\n\t\t<\/div>\n\t\t\t\t<\/div>\n\t\t\t\t\t\t<\/div>\n\t\t\t\t\t<\/div>\n\t\t<\/div>\n\t\t\t\t\t\t\t\t<\/div>\n\t\t\t\t\t<\/div>\n\t\t<\/section>\n\t\t\t\t\t\t<\/div>\n\t\t\t\t\t\t<\/div>\n\t\t\t\t\t<\/div>\n\t\t","protected":false},"excerpt":{"rendered":"<p>Comment le Centro Felix Varela met en oeuvre le plan climat de Cuba Cuba, pays insulaire des Cara\u00efbes, est plus qu\u2019un autre sujet aux cons\u00e9quences du r\u00e9chauffement climatique. L\u2019\u00e9tat cubain l\u2019a bien compris et a mis en place une politique environnementale forte \u00e0 &#8230; Lire plus<\/p>\n","protected":false},"author":1,"featured_media":0,"parent":0,"menu_order":0,"comment_status":"closed","ping_status":"closed","template":"","meta":[],"_links":{"self":[{"href":"https:\/\/approchedroits-rechtenbenadering.be\/index.php?rest_route=\/wp\/v2\/pages\/1815"}],"collection":[{"href":"https:\/\/approchedroits-rechtenbenadering.be\/index.php?rest_route=\/wp\/v2\/pages"}],"about":[{"href":"https:\/\/approchedroits-rechtenbenadering.be\/index.php?rest_route=\/wp\/v2\/types\/page"}],"author":[{"embeddable":true,"href":"https:\/\/approchedroits-rechtenbenadering.be\/index.php?rest_route=\/wp\/v2\/users\/1"}],"replies":[{"embeddable":true,"href":"https:\/\/approchedroits-rechtenbenadering.be\/index.php?rest_route=%2Fwp%2Fv2%2Fcomments&post=1815"}],"version-history":[{"count":7,"href":"https:\/\/approchedroits-rechtenbenadering.be\/index.php?rest_route=\/wp\/v2\/pages\/1815\/revisions"}],"predecessor-version":[{"id":1845,"href":"https:\/\/approchedroits-rechtenbenadering.be\/index.php?rest_route=\/wp\/v2\/pages\/1815\/revisions\/1845"}],"wp:attachment":[{"href":"https:\/\/approchedroits-rechtenbenadering.be\/index.php?rest_route=%2Fwp%2Fv2%2Fmedia&parent=1815"}],"curies":[{"name":"wp","href":"https:\/\/api.w.org\/{rel}","templated":true}]}}

<div data-elementor-type="wp-page" data-elementor-id="1815" class="elementor elementor-1815" data-elementor-settings="[]">
						<div class="elementor-inner">
							<div class="elementor-section-wrap">
							<section class="elementor-section elementor-top-section elementor-element elementor-element-6c8e5937 elementor-section-boxed elementor-section-height-default elementor-section-height-default" data-id="6c8e5937" data-element_type="section">
						<div class="elementor-container elementor-column-gap-default">
							<div class="elementor-row">
					<div class="elementor-column elementor-col-100 elementor-top-column elementor-element elementor-element-afd8c01" data-id="afd8c01" data-element_type="column">
			<div class="elementor-column-wrap elementor-element-populated">
							<div class="elementor-widget-wrap">
						<div class="elementor-element elementor-element-6acad2d2 anwp-pg-widget-header-style--b elementor-widget elementor-widget-anwp-pg-classic-grid" data-id="6acad2d2" data-element_type="widget" data-widget_type="anwp-pg-classic-grid.default">
				<div class="elementor-widget-container">
			<div class="anwp-pg-wrap">

	
	<div class="d-flex row flex-wrap anwp-pg-classic-grid anwp-pg-posts-wrapper">
		<div class="anwp-pg-post-teaser anwp-pg-post-teaser--inner-cover-link anwp-pg-post-teaser--layout-d d-flex flex-column col-lg-4 col-sm-6 col-12 anwp-pg-post-teaser--with-read-more ">
	<div class="anwp-pg-post-teaser__thumbnail position-relative">

		
		<div class="anwp-pg-post-teaser__thumbnail-img anwp-pg-height-180"
			style="background-image: url(https://approchedroits-rechtenbenadering.be/wp-content/uploads/2021/02/Cuba-1024x576.jpg)">
		</div>

		<div class="anwp-pg-post-teaser__thumbnail-bg anwp-position-cover"></div>

		<a class="anwp-position-cover anwp-link-without-effects" href="https://approchedroits-rechtenbenadering.be/?p=1821" aria-hidden="true"></a>
	</div>

	<div class="anwp-pg-post-teaser__content flex-grow-1 pt-1 d-flex flex-column">

		<div class="anwp-pg-post-teaser__title anwp-font-heading mt-2">
			<a class="anwp-link-without-effects" href="https://approchedroits-rechtenbenadering.be/?p=1821" aria-hidden="true">
				Comment le Centro Felix Varela met en oeuvre le plan climat de Cuba			</a>
		</div>

		<div class="anwp-pg-post-teaser__bottom-meta d-flex flex-wrap">

					</div>

					<div class="anwp-pg-post-teaser__excerpt mb-2">Cuba, pays insulaire des Caraïbes, est plus qu’un autre sujet aux conséquences du réchauffement climatique. L’état cubain l’a bien compris et a mis en place une politique environnementale forte à ...</div>
		
					<div class="w-100 anwp-pg-read-more mt-auto">
				<a href="https://approchedroits-rechtenbenadering.be/?p=1821" class="anwp-pg-read-more__btn mt-3 mb-0 btn btn-sm btn-outline-info w-100 text-decoration-none">
					Lire plus				</a>
			</div>
		
	</div>

</div>
<div class="anwp-pg-post-teaser anwp-pg-post-teaser--inner-cover-link anwp-pg-post-teaser--layout-d d-flex flex-column col-lg-4 col-sm-6 col-12 anwp-pg-post-teaser--with-read-more ">
	<div class="anwp-pg-post-teaser__thumbnail position-relative">

		
		<div class="anwp-pg-post-teaser__thumbnail-img anwp-pg-height-180"
			style="background-image: url(https://approchedroits-rechtenbenadering.be/wp-content/uploads/2021/02/Cuba-1024x438.png)">
		</div>

		<div class="anwp-pg-post-teaser__thumbnail-bg anwp-position-cover"></div>

		<a class="anwp-position-cover anwp-link-without-effects" href="https://approchedroits-rechtenbenadering.be/?p=278" aria-hidden="true"></a>
	</div>

	<div class="anwp-pg-post-teaser__content flex-grow-1 pt-1 d-flex flex-column">

		<div class="anwp-pg-post-teaser__title anwp-font-heading mt-2">
			<a class="anwp-link-without-effects" href="https://approchedroits-rechtenbenadering.be/?p=278" aria-hidden="true">
				Soins de santé à Cuba et aux Philippines: quelles sont les différences?			</a>
		</div>

		<div class="anwp-pg-post-teaser__bottom-meta d-flex flex-wrap">

					</div>

					<div class="anwp-pg-post-teaser__excerpt mb-2">Cuba et les Philippines : deux pays en voie de développement et quand même un grand contraste dans leurs systèmes de santé. Comment expliquer cela? Découvre cela en regardant cette ...</div>
		
					<div class="w-100 anwp-pg-read-more mt-auto">
				<a href="https://approchedroits-rechtenbenadering.be/?p=278" class="anwp-pg-read-more__btn mt-3 mb-0 btn btn-sm btn-outline-info w-100 text-decoration-none">
					Lire plus				</a>
			</div>
		
	</div>

</div>
	</div>
	
	</div>
		</div>
				</div>
						</div>
					</div>
		</div>
								</div>
					</div>
		</section>
						</div>
						</div>
					</div>

<p>Comment le Centro Felix Varela met en oeuvre le plan climat de Cuba Cuba, pays insulaire des Caraïbes, est plus qu’un autre sujet aux conséquences du réchauffement climatique. L’état cubain l’a bien compris et a mis en place une politique environnementale forte à &#8230; Lire plus</p>
